{"id":109,"date":"2020-03-26T19:23:36","date_gmt":"2020-03-26T18:23:36","guid":{"rendered":"http:\/\/jouvet.org\/wordpress-3\/?page_id=109"},"modified":"2025-11-17T11:42:43","modified_gmt":"2025-11-17T10:42:43","slug":"biographie","status":"publish","type":"page","link":"https:\/\/jouvet.org\/wordpress-3\/biographie\/","title":{"rendered":"Biographie"},"content":{"rendered":"\n<div class=\"wp-block-columns is-layout-flex wp-container-core-columns-is-layout-9d6595d7 wp-block-columns-is-layout-flex\">\n<div class=\"wp-block-column is-layout-flow wp-block-column-is-layout-flow\">\n<figure class=\"wp-block-image size-large\"><img loading=\"lazy\" decoding=\"async\" width=\"682\" height=\"1024\" src=\"https:\/\/jouvet.org\/wordpress-3\/wp-content\/uploads\/2025\/09\/28-1-682x1024.jpg\" alt=\"\" class=\"wp-image-1182\" srcset=\"https:\/\/jouvet.org\/wordpress-3\/wp-content\/uploads\/2025\/09\/28-1-682x1024.jpg 682w, https:\/\/jouvet.org\/wordpress-3\/wp-content\/uploads\/2025\/09\/28-1-200x300.jpg 200w, https:\/\/jouvet.org\/wordpress-3\/wp-content\/uploads\/2025\/09\/28-1-768x1152.jpg 768w, https:\/\/jouvet.org\/wordpress-3\/wp-content\/uploads\/2025\/09\/28-1-1024x1536.jpg 1024w, https:\/\/jouvet.org\/wordpress-3\/wp-content\/uploads\/2025\/09\/28-1.jpg 1333w\" sizes=\"auto, (max-width: 682px) 100vw, 682px\" \/><\/figure>\n<\/div>\n\n\n\n<div class=\"wp-block-column is-layout-flow wp-block-column-is-layout-flow\"><\/div>\n<\/div>\n\n\n\n<p>Je nais au bord de la mer Rouge, le 29 octobre 1957, ce qui explique peut-\u00eatre que je crains le soleil &#8211; Djibouti est un des coins les plus chauds de la plan\u00e8te &#8211; et que je me baigne dans toutes les eaux, surtout les plus froides.<\/p>\n\n\n\n<p>Les mutations d&rsquo;un p\u00e8re militaire me permettent de voir du pays et de d\u00e9m\u00e9nager beaucoup. Aujourd&rsquo;hui, je suis quasiment nomade, sillonnant l\u00e9g\u00e8rement l&rsquo;Europe avec ma valise et mon ordinateur.<\/p>\n\n\n\n<p>De la seconde \u00e0 la terminale, je peux enfin commencer l&rsquo;orgue en d\u00e9couvrant les stages de D\u00e9saignes (Ard\u00e8che, France). Depuis, revenu dans cette r\u00e9gion, je suis devenu pr\u00e9sident de l&rsquo;Association qui organisait les stages. Une mani\u00e8re&nbsp;d&rsquo;\u00eatre reconnaissant.<\/p>\n\n\n\n<p>En 1975 je passe mon bac \u00e0 Valence, mention tr\u00e8s bien et prix du meilleur \u00e9l\u00e8ve de la ville de Valence, ce qui permet \u00e0 mes parents de m&rsquo;acheter une armoire et un bureau. Comme quoi c&rsquo;est utile de faire des \u00e9tudes&#8230;<\/p>\n\n\n\n<p>De septembre 75 \u00e0 juin 77, je me retrouve \u00e0 Grenoble \u00e0 l&rsquo;Ecole Normale pour une formation de 3 ans qui me propulse prof de Bio et de Physique dans un coll\u00e8ge du Vercors. Je n&rsquo;enseignerai pas longtemps, interrompu par le service militaire en Allemagne, et mes \u00e9tudes \u00e0 Gen\u00e8ve.<\/p>\n\n\n\n<p>Au d\u00e9but des ann\u00e9es 80 je commence mes \u00e9tudes au Conservatoire de Gen\u00e8ve, avec des profs remarquables, Pierre Segond et Fran\u00e7ois Delor pour l&rsquo;orgue, Fran\u00e7ois Delor pour l&rsquo;harmonie, Janine Allanic pour le contrepoint, Didier Godel au solf\u00e8ge. Une pens\u00e9e \u00e9mue pour ces gens \u00e0 la pens\u00e9e claire et qui m&rsquo;ont form\u00e9 solidement. Sans oublier la d\u00e9licieuse Mme Second, qui me donnait des cours de solf\u00e8ge g\u00e9n\u00e9reusement afin que j&rsquo;arrive au niveau du Conservatoire.<\/p>\n\n\n\n<p>Et en 83, c&rsquo;est le grand changement : Je rentre au monast\u00e8re b\u00e9n\u00e9dictin d&rsquo;Hautecombe (Savoie, France) puis ensuite au monast\u00e8re de la Grande Chartreuse. 6 ann\u00e9es de vie monastique o\u00f9 je me forme en th\u00e9ologie, et en chant gr\u00e9gorien. Lorsque le mur de Berlin tombe (novembre 1990), je sors de l&rsquo;\u00e9tat monastique pour aller me former en Allemagne &#8211; Il n&rsquo;y a aucun rapport, bien s\u00fbr !<\/p>\n\n\n\n<figure class=\"wp-block-image size-large\"><img loading=\"lazy\" decoding=\"async\" width=\"1024\" height=\"576\" src=\"https:\/\/jouvet.org\/wordpress-3\/wp-content\/uploads\/2020\/03\/b701a094-0b3b-49b7-9ae2-8b6c8f804ca3-1024x576.jpg\" alt=\"\" class=\"wp-image-68\" srcset=\"https:\/\/jouvet.org\/wordpress-3\/wp-content\/uploads\/2020\/03\/b701a094-0b3b-49b7-9ae2-8b6c8f804ca3-1024x576.jpg 1024w, https:\/\/jouvet.org\/wordpress-3\/wp-content\/uploads\/2020\/03\/b701a094-0b3b-49b7-9ae2-8b6c8f804ca3-300x169.jpg 300w, https:\/\/jouvet.org\/wordpress-3\/wp-content\/uploads\/2020\/03\/b701a094-0b3b-49b7-9ae2-8b6c8f804ca3-768x432.jpg 768w, https:\/\/jouvet.org\/wordpress-3\/wp-content\/uploads\/2020\/03\/b701a094-0b3b-49b7-9ae2-8b6c8f804ca3.jpg 1280w\" sizes=\"auto, (max-width: 706px) 89vw, (max-width: 767px) 82vw, 740px\" \/><\/figure>\n\n\n\n<p>Changement de vie. Je m&rsquo;inscris \u00e0 la Hochschule f\u00fcr Kirchenmusik \u00e0 Esslingen-Stuttgart. Et en 1994 j&rsquo;en sors avec un dipl\u00f4me de \u00ab\u00a0Kirchenmusiker\u00a0\u00bb, de ma\u00eetre de chapelle, pour \u00eatre organiste, chef de choeur et responsable de la musique \u00e0 l&rsquo;\u00e9glise de la Peterskirche, \u00e0 Weilheim unter Teck. Une magnifique exp\u00e9rience.<\/p>\n\n\n\n<figure class=\"wp-block-image size-large\"><img loading=\"lazy\" decoding=\"async\" width=\"1000\" height=\"750\" src=\"https:\/\/jouvet.org\/wordpress-3\/wp-content\/uploads\/2020\/03\/Barockorgel-Peterskirche-in-Weilheim-Teck.jpg\" alt=\"\" class=\"wp-image-132\" srcset=\"https:\/\/jouvet.org\/wordpress-3\/wp-content\/uploads\/2020\/03\/Barockorgel-Peterskirche-in-Weilheim-Teck.jpg 1000w, https:\/\/jouvet.org\/wordpress-3\/wp-content\/uploads\/2020\/03\/Barockorgel-Peterskirche-in-Weilheim-Teck-300x225.jpg 300w, https:\/\/jouvet.org\/wordpress-3\/wp-content\/uploads\/2020\/03\/Barockorgel-Peterskirche-in-Weilheim-Teck-768x576.jpg 768w\" sizes=\"auto, (max-width: 706px) 89vw, (max-width: 767px) 82vw, 740px\" \/><\/figure>\n\n\n\n<p>A la m\u00eame \u00e9poque, je dirige l&rsquo;Ensemble Baroque de l&rsquo;Universit\u00e9 de Hohenheim-Stuttgart. Beaucoup de concerts \u00e0 cette \u00e9poque.<\/p>\n\n\n\n<p>Je commence \u00e9galement \u00e0 travailler pour le plus grand \u00e9diteur de livres scolaires allemands.<\/p>\n\n\n\n<p>En 2003 je rentre en France.<\/p>\n\n\n\n<p>Depuis, mon activit\u00e9 est diversifi\u00e9e et me prom\u00e8ne \u00e0 travers l&rsquo;Europe :<br>Stages de m\u00e9ditation et de gr\u00e9gorien (Allemagne, Suisse, France, Belgique)<br>Ma\u00eetre de chant dans diff\u00e9rents monast\u00e8res (Italie, Angleterre, France)<br>Et auteur d&rsquo;ouvrages spirituels (en train et \u00e0 la maison)<\/p>\n","protected":false},"excerpt":{"rendered":"<p>Je nais au bord de la mer Rouge, le 29 octobre 1957, ce qui explique peut-\u00eatre que je crains le soleil &#8211; Djibouti est un des coins les plus chauds de la plan\u00e8te &#8211; et que je me baigne dans toutes les eaux, surtout les plus froides. Les mutations d&rsquo;un p\u00e8re militaire me permettent de &hellip; <\/p>\n<p class=\"link-more\"><a href=\"https:\/\/jouvet.org\/wordpress-3\/biographie\/\" class=\"more-link\">Continuer la lecture<span class=\"screen-reader-text\"> de &laquo;&nbsp;Biographie&nbsp;&raquo;<\/span><\/a><\/p>\n","protected":false},"author":1,"featured_media":0,"parent":0,"menu_order":0,"comment_status":"closed","ping_status":"closed","template":"","meta":{"footnotes":""},"class_list":["post-109","page","type-page","status-publish","hentry"],"_links":{"self":[{"href":"https:\/\/jouvet.org\/wordpress-3\/wp-json\/wp\/v2\/pages\/109","targetHints":{"allow":["GET"]}}],"collection":[{"href":"https:\/\/jouvet.org\/wordpress-3\/wp-json\/wp\/v2\/pages"}],"about":[{"href":"https:\/\/jouvet.org\/wordpress-3\/wp-json\/wp\/v2\/types\/page"}],"author":[{"embeddable":true,"href":"https:\/\/jouvet.org\/wordpress-3\/wp-json\/wp\/v2\/users\/1"}],"replies":[{"embeddable":true,"href":"https:\/\/jouvet.org\/wordpress-3\/wp-json\/wp\/v2\/comments?post=109"}],"version-history":[{"count":9,"href":"https:\/\/jouvet.org\/wordpress-3\/wp-json\/wp\/v2\/pages\/109\/revisions"}],"predecessor-version":[{"id":1201,"href":"https:\/\/jouvet.org\/wordpress-3\/wp-json\/wp\/v2\/pages\/109\/revisions\/1201"}],"wp:attachment":[{"href":"https:\/\/jouvet.org\/wordpress-3\/wp-json\/wp\/v2\/media?parent=109"}],"curies":[{"name":"wp","href":"https:\/\/api.w.org\/{rel}","templated":true}]}}

<div class="wp-block-columns is-layout-flex wp-container-core-columns-is-layout-9d6595d7 wp-block-columns-is-layout-flex">
<div class="wp-block-column is-layout-flow wp-block-column-is-layout-flow">
<figure class="wp-block-image size-large"><img loading="lazy" decoding="async" width="682" height="1024" src="https://jouvet.org/wordpress-3/wp-content/uploads/2025/09/28-1-682x1024.jpg" alt="" class="wp-image-1182" srcset="https://jouvet.org/wordpress-3/wp-content/uploads/2025/09/28-1-682x1024.jpg 682w, https://jouvet.org/wordpress-3/wp-content/uploads/2025/09/28-1-200x300.jpg 200w, https://jouvet.org/wordpress-3/wp-content/uploads/2025/09/28-1-768x1152.jpg 768w, https://jouvet.org/wordpress-3/wp-content/uploads/2025/09/28-1-1024x1536.jpg 1024w, https://jouvet.org/wordpress-3/wp-content/uploads/2025/09/28-1.jpg 1333w" sizes="auto, (max-width: 682px) 100vw, 682px" /></figure>
</div>



<div class="wp-block-column is-layout-flow wp-block-column-is-layout-flow"></div>
</div>



<p>Je nais au bord de la mer Rouge, le 29 octobre 1957, ce qui explique peut-être que je crains le soleil &#8211; Djibouti est un des coins les plus chauds de la planète &#8211; et que je me baigne dans toutes les eaux, surtout les plus froides.</p>



<p>Les mutations d&rsquo;un père militaire me permettent de voir du pays et de déménager beaucoup. Aujourd&rsquo;hui, je suis quasiment nomade, sillonnant légèrement l&rsquo;Europe avec ma valise et mon ordinateur.</p>



<p>De la seconde à la terminale, je peux enfin commencer l&rsquo;orgue en découvrant les stages de Désaignes (Ardèche, France). Depuis, revenu dans cette région, je suis devenu président de l&rsquo;Association qui organisait les stages. Une manière&nbsp;d&rsquo;être reconnaissant.</p>



<p>En 1975 je passe mon bac à Valence, mention très bien et prix du meilleur élève de la ville de Valence, ce qui permet à mes parents de m&rsquo;acheter une armoire et un bureau. Comme quoi c&rsquo;est utile de faire des études&#8230;</p>



<p>De septembre 75 à juin 77, je me retrouve à Grenoble à l&rsquo;Ecole Normale pour une formation de 3 ans qui me propulse prof de Bio et de Physique dans un collège du Vercors. Je n&rsquo;enseignerai pas longtemps, interrompu par le service militaire en Allemagne, et mes études à Genève.</p>



<p>Au début des années 80 je commence mes études au Conservatoire de Genève, avec des profs remarquables, Pierre Segond et François Delor pour l&rsquo;orgue, François Delor pour l&rsquo;harmonie, Janine Allanic pour le contrepoint, Didier Godel au solfège. Une pensée émue pour ces gens à la pensée claire et qui m&rsquo;ont formé solidement. Sans oublier la délicieuse Mme Second, qui me donnait des cours de solfège généreusement afin que j&rsquo;arrive au niveau du Conservatoire.</p>



<p>Et en 83, c&rsquo;est le grand changement : Je rentre au monastère bénédictin d&rsquo;Hautecombe (Savoie, France) puis ensuite au monastère de la Grande Chartreuse. 6 années de vie monastique où je me forme en théologie, et en chant grégorien. Lorsque le mur de Berlin tombe (novembre 1990), je sors de l&rsquo;état monastique pour aller me former en Allemagne &#8211; Il n&rsquo;y a aucun rapport, bien sûr !</p>



<figure class="wp-block-image size-large"><img loading="lazy" decoding="async" width="1024" height="576" src="https://jouvet.org/wordpress-3/wp-content/uploads/2020/03/b701a094-0b3b-49b7-9ae2-8b6c8f804ca3-1024x576.jpg" alt="" class="wp-image-68" srcset="https://jouvet.org/wordpress-3/wp-content/uploads/2020/03/b701a094-0b3b-49b7-9ae2-8b6c8f804ca3-1024x576.jpg 1024w, https://jouvet.org/wordpress-3/wp-content/uploads/2020/03/b701a094-0b3b-49b7-9ae2-8b6c8f804ca3-300x169.jpg 300w, https://jouvet.org/wordpress-3/wp-content/uploads/2020/03/b701a094-0b3b-49b7-9ae2-8b6c8f804ca3-768x432.jpg 768w, https://jouvet.org/wordpress-3/wp-content/uploads/2020/03/b701a094-0b3b-49b7-9ae2-8b6c8f804ca3.jpg 1280w" sizes="auto, (max-width: 706px) 89vw, (max-width: 767px) 82vw, 740px" /></figure>



<p>Changement de vie. Je m&rsquo;inscris à la Hochschule für Kirchenmusik à Esslingen-Stuttgart. Et en 1994 j&rsquo;en sors avec un diplôme de « Kirchenmusiker », de maître de chapelle, pour être organiste, chef de choeur et responsable de la musique à l&rsquo;église de la Peterskirche, à Weilheim unter Teck. Une magnifique expérience.</p>



<figure class="wp-block-image size-large"><img loading="lazy" decoding="async" width="1000" height="750" src="https://jouvet.org/wordpress-3/wp-content/uploads/2020/03/Barockorgel-Peterskirche-in-Weilheim-Teck.jpg" alt="" class="wp-image-132" srcset="https://jouvet.org/wordpress-3/wp-content/uploads/2020/03/Barockorgel-Peterskirche-in-Weilheim-Teck.jpg 1000w, https://jouvet.org/wordpress-3/wp-content/uploads/2020/03/Barockorgel-Peterskirche-in-Weilheim-Teck-300x225.jpg 300w, https://jouvet.org/wordpress-3/wp-content/uploads/2020/03/Barockorgel-Peterskirche-in-Weilheim-Teck-768x576.jpg 768w" sizes="auto, (max-width: 706px) 89vw, (max-width: 767px) 82vw, 740px" /></figure>



<p>A la même époque, je dirige l&rsquo;Ensemble Baroque de l&rsquo;Université de Hohenheim-Stuttgart. Beaucoup de concerts à cette époque.</p>



<p>Je commence également à travailler pour le plus grand éditeur de livres scolaires allemands.</p>



<p>En 2003 je rentre en France.</p>



<p>Depuis, mon activité est diversifiée et me promène à travers l&rsquo;Europe :<br>Stages de méditation et de grégorien (Allemagne, Suisse, France, Belgique)<br>Maître de chant dans différents monastères (Italie, Angleterre, France)<br>Et auteur d&rsquo;ouvrages spirituels (en train et à la maison)</p>

<p>Je nais au bord de la mer Rouge, le 29 octobre 1957, ce qui explique peut-être que je crains le soleil &#8211; Djibouti est un des coins les plus chauds de la planète &#8211; et que je me baigne dans toutes les eaux, surtout les plus froides. Les mutations d&rsquo;un père militaire me permettent de &hellip; </p>
<p class="link-more"><a href="https://jouvet.org/wordpress-3/biographie/" class="more-link">Continuer la lecture<span class="screen-reader-text"> de &laquo;&nbsp;Biographie&nbsp;&raquo;</span></a></p>
