{"id":116,"date":"2020-03-26T19:28:34","date_gmt":"2020-03-26T18:28:34","guid":{"rendered":"http:\/\/jouvet.org\/wordpress-3\/?page_id=116"},"modified":"2026-04-20T17:16:43","modified_gmt":"2026-04-20T15:16:43","slug":"agenda-stages","status":"publish","type":"page","link":"https:\/\/jouvet.org\/wordpress-3\/agenda-stages\/","title":{"rendered":"Agenda"},"content":{"rendered":"\n<p>Vous trouverez ci-dessous les stages que je donne, leurs dates ainsi que les informations n\u00e9cessaires. <\/p>\n\n\n\n<h2 class=\"wp-block-heading\">2026<\/h2>\n\n\n\n<p><strong>Vendredi 24 avril &#8211; Dimanche 26 avril<\/strong><br>Session de spiritualit\u00e9 \u00e0 la Soleillette (Haute Savoie)<br>Les deux voies de la spiritualit\u00e9 : Mystique unitive et affective<br>Organis\u00e9 par l&rsquo;\u00e9glise catholique de Gen\u00e8ve.<br><a href=\"https:\/\/www.eglisecatholique-ge.ch\/evenements\/deux-voies-de-la-mystique-maitre-eckhart-et-therese-davila-retraite\/\" target=\"_blank\" rel=\"noreferrer noopener\">Lien<\/a><\/p>\n\n\n\n<p><strong>Vendredi 1er mai 17h &#8211; Dimanche 3 mai 16h<\/strong><br><strong>Pratiques monastiques<\/strong><br><a href=\"https:\/\/cret-berard.ch\" data-type=\"URL\" data-id=\"https:\/\/cret-berard.ch\" target=\"_blank\" rel=\"noreferrer noopener\">Cr\u00eat-B\u00e9rard<\/a>, Suisse <a href=\"https:\/\/cret-berard.ch\/event\/pratiques-monastiques\/\" target=\"_blank\" rel=\"noreferrer noopener\">Lien<\/a><\/p>\n\n\n\n<p><strong>Jeudi 7 mai 16h -Dimanche 10 mai 16h<\/strong><br>Session de chant gr\u00e9gorien au domaine de Milhas (Aude)<br><a href=\"https:\/\/jouvet.org\/wordpress-3\/wp-content\/uploads\/2026\/01\/2026-Mai-gregorien-Milhas.pdf\" data-type=\"attachment\" data-id=\"1223\" target=\"_blank\" rel=\"noreferrer noopener\">Flyer<\/a><\/p>\n\n\n\n<p><strong>Samedi 30 mai 17h &#8211; Dimanche 31 mai 16h<\/strong><br><strong>Chant spirituel<\/strong><br><a href=\"https:\/\/cret-berard.ch\" data-type=\"URL\" data-id=\"https:\/\/cret-berard.ch\" target=\"_blank\" rel=\"noreferrer noopener\">Cr\u00eat-B\u00e9rard<\/a>, Suisse <a href=\"https:\/\/cret-berard.ch\/event\/pratique-du-chant-spirituel\/\">Lien<\/a><\/p>\n\n\n\n<p><strong>Vendredi 5 juin &#8211; dimanche 7 juin<\/strong><br>Session aux Trois-Epis (Alsace)<br><a href=\"https:\/\/jouvet.org\/wordpress-3\/wp-content\/uploads\/2025\/01\/Flyer-general.pdf\" data-type=\"attachment\" data-id=\"1087\" target=\"_blank\" rel=\"noreferrer noopener\">Pr\u00e9sentation g\u00e9n\u00e9rale de la session<\/a><\/p>\n\n\n\n<p><strong>Jeudi 11 juin<\/strong><br>Participation \u00e0 \u00ab\u00a0Voies d&rsquo;unit\u00e9\u00a0\u00bb organis\u00e9 par Olam.live<br>\u00e0 Massablielle (Is\u00e8re, Saint-Antoine l&rsquo;Abbaye)<br><a href=\"https:\/\/www.olam.life\/voies-unite-massabielle\" target=\"_blank\" rel=\"noreferrer noopener\">Lien<\/a><\/p>\n\n\n\n<p><strong>Vendredi 12 juin 17h &#8211; Dimanche 14 juin 16h<\/strong><br>D\u00e9couvrir la tendresse du Zen<br><a href=\"https:\/\/cret-berard.ch\" data-type=\"URL\" data-id=\"https:\/\/cret-berard.ch\" target=\"_blank\" rel=\"noreferrer noopener\">Cr\u00eat-B\u00e9rard<\/a>, Suisse <a href=\"https:\/\/cret-berard.ch\/event\/la-meditation-zen-autrement\/\" target=\"_blank\" rel=\"noreferrer noopener\">Lien<\/a><\/p>\n\n\n\n<p><strong>Samedi 20 juin 10-17h<\/strong><br>Journ\u00e9e de spiritualit\u00e9 et de m\u00e9ditation.<br>Repas partag\u00e9<br>Nozi\u00e8res (07270) <a href=\"https:\/\/jouvet.org\/wordpress-3\/wp-content\/uploads\/2020\/11\/MeditationNozieres-1.pdf\" data-type=\"attachment\" data-id=\"203\" target=\"_blank\" rel=\"noreferrer noopener\">Lien<\/a><\/p>\n\n\n\n<p><strong>Dimanche 12 juillet 16h<\/strong><br>Montfaucon en Velay, Rencontres philosophiques et spirituelles<br>Conf\u00e9rence en plein air, Th\u00e9r\u00e8se d&rsquo;Avila<\/p>\n\n\n\n<p><strong>Samedi 18 juillet, 9h-17h<\/strong><br>Journ\u00e9e de spiritualit\u00e9 : Conscience du corps et silence de l&rsquo;esprit<br><a href=\"https:\/\/cret-berard.ch\" target=\"_blank\" rel=\"noreferrer noopener\">Cr\u00eat-B\u00e9rard<\/a>, Suisse <a href=\"https:\/\/cret-berard.ch\/event\/journee-de-spiritualite\/\" target=\"_blank\" rel=\"noreferrer noopener\">Lien<\/a><br><a href=\"https:\/\/cret-berard.ch\/event\/journee-de-spiritualite\/\" target=\"_blank\" rel=\"noreferrer noopener\">Lien<\/a><\/p>\n\n\n\n<p><strong>Mardi 21-Samedi 25 Juillet<\/strong><br>Chartreuse de Pierre-Ch\u00e2tel (Ain)<br>Pratiques monastiques<br>D\u00e9tails sur <a href=\"http:\/\/acielouvert.org\" target=\"_blank\" rel=\"noreferrer noopener\">acielouvert.org<\/a><\/p>\n\n\n\n<p><strong>Dimanche 26 juillet 10-17h<\/strong><br>Chartreuse de Pierre-Ch\u00e2tel<br>Dialogue avec Marguerite Kardos<br>D\u00e9tails sur <a href=\"http:\/\/acielouvert.org\" target=\"_blank\" rel=\"noreferrer noopener\">acielouvert.org<\/a><\/p>\n\n\n\n<p><strong>Vendredi 14 -dimanche 16 ao\u00fbt<\/strong><br>La pri\u00e8re du coeur : La simple voix du corps priant<br>Cr\u00eat-B\u00e9rard (Suisse)  <a href=\"https:\/\/cret-berard.ch\/event\/la-priere-du-coeur\/\" target=\"_blank\" rel=\"noreferrer noopener\">Lien<\/a><\/p>\n\n\n\n<p><strong>Une journ\u00e9e entre le 18 et le 22 ao\u00fbt<\/strong><br>Intervention dans le cadre du festival de spiritualit\u00e9 de <a href=\"http:\/\/Olam.life\" target=\"_blank\" rel=\"noreferrer noopener\">Olam.life<\/a><br>Village du Lac, Devesset, Ard\u00e8che.<\/p>\n\n\n\n<p><strong>Mittwoch 9. Sept. &#8211; Sonntag 13. Sept.<\/strong><br>Akademie Waldschl\u00f6sschen (bei G\u00f6ttingen)<br><a href=\"https:\/\/waldschloesschen.org\/events\/meditation-und-gregorianik\/\" target=\"_blank\" rel=\"noreferrer noopener\">Meditation und Gregorianik<\/a><\/p>\n\n\n\n<p><strong>Samedi 19-Dimanche 20 septembre<\/strong><br>Les chemins de Shanti <a href=\"https:\/\/www.cheminsdeshanti.fr\" target=\"_blank\" rel=\"noreferrer noopener\">Site<\/a><br><a href=\"https:\/\/jouvet.org\/wordpress-3\/wp-content\/uploads\/2026\/03\/2026-chemin-de-shanti.pdf\" data-type=\"attachment\" data-id=\"1257\" target=\"_blank\" rel=\"noreferrer noopener\">INFOS PROVISOIRES<\/a><\/p>\n\n\n\n<p><strong>Vendredi 25 septembre-Dimanche 27 septembre<\/strong><br>Monast\u00e8re de la La Sainte-Beaume<br>Spiritualit\u00e9 et Pratiques spirituelles<br>INFOS \u00c0 VENIR<\/p>\n\n\n\n<p><strong>Vendredi 2 -dimanche 4 octobre<\/strong><br>Environs de Tours<br>Spiritualit\u00e9 et Pratiques spirituelles<br>INFOS \u00c0 VENIR<\/p>\n\n\n\n<p><strong>Vendredi 9 octobre 17h -Dimanche 11 octobre 16h<\/strong><br>Session \u00e0 <a href=\"http:\/\/CRET-BERARD.CH\" target=\"_blank\" rel=\"noreferrer noopener\">Cr\u00eat-B\u00e9rard<\/a> (Suisse)<br>M\u00e9ditation et contemplation, la douceur du chemin contemplatif<\/p>\n\n\n\n<p><strong>Freitag 16 Oktober &#8211; Sonntag 18 Oktober<\/strong><br>Wangenheim (Th\u00fcringen)<br><a href=\"http:\/\/www.meister-eckhart-weg.de\/\" target=\"_blank\" rel=\"noreferrer noopener\">http:\/\/www.meister-eckhart-weg.de<\/a><\/p>\n\n\n\n<p><strong>Samstag 24 Oktober &#8211; Sonntag 25 Oktober, beides Mal 9-16 Uhr<\/strong><br>Meditation und Gregorianischen Gesang<br>INFOS KOMMEN<br>Organisator : <a href=\"https:\/\/www.maulbronn-umland-evangelisch.de\">Ev. Kirchengemeinde Maulbronn und Umland<\/a><\/p>\n\n\n\n<p><strong>Vendredi 30 octobre 17h &#8211; Dimanche 1er Novembre 16h<\/strong><br>Session \u00e0 <a href=\"http:\/\/CRET-BERARD.CH\" target=\"_blank\" rel=\"noreferrer noopener\">Cr\u00eat-B\u00e9rard<\/a> (Suisse)<br>Liturgie et chant gr\u00e9gorien, l&rsquo;Office des d\u00e9funts<\/p>\n\n\n\n<p><strong>Samedi 14 novembre<\/strong><br>Participation \u00e0 un colloque \u00e0 Bruxelles<br>Organis\u00e9 par <a href=\"http:\/\/etreplus.be\">etreplus.be<\/a><\/p>\n\n\n\n<p><strong>Vendredi 20 novembre &#8211; Dimanche 21 novembre<\/strong><br>Couvent St-Marc de Gueberschwir (Alsace, France)<br>INFOS A VENIR<\/p>\n\n\n\n<p><strong>Lundi 23 novembre au vendredi 27 novembre<\/strong><br>Abbaye St Jacut de la mer<br>Session \u00ab\u00a0pratiques monastiques\u00a0\u00bb<br>A venir sur le site de l&rsquo;abbaye <a href=\"https:\/\/www.abbaye-st-jacut.com\/programmation\" target=\"_blank\" rel=\"noreferrer noopener\">Lien<\/a><\/p>\n\n\n\n<p><strong>Vendredi 4 d\u00e9cembre 17h -Dimanche 6 d\u00e9cembre 16h<\/strong><br><a href=\"http:\/\/cret-berard.ch\" target=\"_blank\" rel=\"noreferrer noopener\">Cr\u00eat-B\u00e9rard<\/a><br>Lecture spirituelle de l&rsquo;\u00e9vangile, une pratique de m\u00e9ditation s\u00e9culaire<\/p>\n\n\n\n<p><strong>Vendredi 11 d\u00e9cembre &#8211; Dimanche 13 d\u00e9cembre<\/strong><br>Monast\u00e8re de Wavreumont (Belgique)<br>Session de m\u00e9ditation<br>INFOS A VENIR<\/p>\n\n\n\n<h2 class=\"wp-block-heading\">2027<\/h2>\n\n\n\n<p><strong>Vendredi 8 janvier &#8211; dimanche 10 janvier<\/strong><br>Pratique spirituelle \u00e0 l&rsquo;\u00e9cole de Ma\u00eetre Eckhart<br>Une pratique pour notre temps.<br><a href=\"http:\/\/CRET-BERARD.CH\" target=\"_blank\" rel=\"noreferrer noopener\">Cr\u00eat-B\u00e9rard<\/a><\/p>\n\n\n\n<p><strong>Vendredi 5 f\u00e9vrier &#8211; dimanche 7 f\u00e9vrier<br><\/strong>Pratique spirituelle \u00e0 l&rsquo;\u00e9cole de Th\u00e9r\u00e8se d&rsquo;Avila<br>Une pratique pour notre temps<br><a href=\"http:\/\/CRET-BERARD.CH\" target=\"_blank\" rel=\"noreferrer noopener\">Cr\u00eat-B\u00e9rard<\/a><\/p>\n\n\n\n<p><strong>Vendredi 9 &#8211; dimanche 11 avril<\/strong><br>Passer de la mort \u00e0 la vie, <br>lecture spirituelle de la r\u00e9surrection<br><a href=\"http:\/\/CRET-BERARD.CH\" target=\"_blank\" rel=\"noreferrer noopener\">Cr\u00eat-B\u00e9rard<\/a><\/p>\n","protected":false},"excerpt":{"rendered":"<p>Vous trouverez ci-dessous les stages que je donne, leurs dates ainsi que les informations n\u00e9cessaires. 2026 Vendredi 24 avril &#8211; Dimanche 26 avrilSession de spiritualit\u00e9 \u00e0 la Soleillette (Haute Savoie)Les deux voies de la spiritualit\u00e9 : Mystique unitive et affectiveOrganis\u00e9 par l&rsquo;\u00e9glise catholique de Gen\u00e8ve.Lien Vendredi 1er mai 17h &#8211; Dimanche 3 mai 16hPratiques monastiquesCr\u00eat-B\u00e9rard, &hellip; <\/p>\n<p class=\"link-more\"><a href=\"https:\/\/jouvet.org\/wordpress-3\/agenda-stages\/\" class=\"more-link\">Continuer la lecture<span class=\"screen-reader-text\"> de &laquo;&nbsp;Agenda&nbsp;&raquo;<\/span><\/a><\/p>\n","protected":false},"author":1,"featured_media":92,"parent":0,"menu_order":0,"comment_status":"closed","ping_status":"closed","template":"","meta":{"footnotes":""},"class_list":["post-116","page","type-page","status-publish","has-post-thumbnail","hentry"],"_links":{"self":[{"href":"https:\/\/jouvet.org\/wordpress-3\/wp-json\/wp\/v2\/pages\/116","targetHints":{"allow":["GET"]}}],"collection":[{"href":"https:\/\/jouvet.org\/wordpress-3\/wp-json\/wp\/v2\/pages"}],"about":[{"href":"https:\/\/jouvet.org\/wordpress-3\/wp-json\/wp\/v2\/types\/page"}],"author":[{"embeddable":true,"href":"https:\/\/jouvet.org\/wordpress-3\/wp-json\/wp\/v2\/users\/1"}],"replies":[{"embeddable":true,"href":"https:\/\/jouvet.org\/wordpress-3\/wp-json\/wp\/v2\/comments?post=116"}],"version-history":[{"count":329,"href":"https:\/\/jouvet.org\/wordpress-3\/wp-json\/wp\/v2\/pages\/116\/revisions"}],"predecessor-version":[{"id":1280,"href":"https:\/\/jouvet.org\/wordpress-3\/wp-json\/wp\/v2\/pages\/116\/revisions\/1280"}],"wp:featuredmedia":[{"embeddable":true,"href":"https:\/\/jouvet.org\/wordpress-3\/wp-json\/wp\/v2\/media\/92"}],"wp:attachment":[{"href":"https:\/\/jouvet.org\/wordpress-3\/wp-json\/wp\/v2\/media?parent=116"}],"curies":[{"name":"wp","href":"https:\/\/api.w.org\/{rel}","templated":true}]}}

<p>Vous trouverez ci-dessous les stages que je donne, leurs dates ainsi que les informations nécessaires. </p>



<h2 class="wp-block-heading">2026</h2>



<p><strong>Vendredi 24 avril &#8211; Dimanche 26 avril</strong><br>Session de spiritualité à la Soleillette (Haute Savoie)<br>Les deux voies de la spiritualité : Mystique unitive et affective<br>Organisé par l&rsquo;église catholique de Genève.<br><a href="https://www.eglisecatholique-ge.ch/evenements/deux-voies-de-la-mystique-maitre-eckhart-et-therese-davila-retraite/" target="_blank" rel="noreferrer noopener">Lien</a></p>



<p><strong>Vendredi 1er mai 17h &#8211; Dimanche 3 mai 16h</strong><br><strong>Pratiques monastiques</strong><br><a href="https://cret-berard.ch" data-type="URL" data-id="https://cret-berard.ch" target="_blank" rel="noreferrer noopener">Crêt-Bérard</a>, Suisse <a href="https://cret-berard.ch/event/pratiques-monastiques/" target="_blank" rel="noreferrer noopener">Lien</a></p>



<p><strong>Jeudi 7 mai 16h -Dimanche 10 mai 16h</strong><br>Session de chant grégorien au domaine de Milhas (Aude)<br><a href="https://jouvet.org/wordpress-3/wp-content/uploads/2026/01/2026-Mai-gregorien-Milhas.pdf" data-type="attachment" data-id="1223" target="_blank" rel="noreferrer noopener">Flyer</a></p>



<p><strong>Samedi 30 mai 17h &#8211; Dimanche 31 mai 16h</strong><br><strong>Chant spirituel</strong><br><a href="https://cret-berard.ch" data-type="URL" data-id="https://cret-berard.ch" target="_blank" rel="noreferrer noopener">Crêt-Bérard</a>, Suisse <a href="https://cret-berard.ch/event/pratique-du-chant-spirituel/">Lien</a></p>



<p><strong>Vendredi 5 juin &#8211; dimanche 7 juin</strong><br>Session aux Trois-Epis (Alsace)<br><a href="https://jouvet.org/wordpress-3/wp-content/uploads/2025/01/Flyer-general.pdf" data-type="attachment" data-id="1087" target="_blank" rel="noreferrer noopener">Présentation générale de la session</a></p>



<p><strong>Jeudi 11 juin</strong><br>Participation à « Voies d&rsquo;unité » organisé par Olam.live<br>à Massablielle (Isère, Saint-Antoine l&rsquo;Abbaye)<br><a href="https://www.olam.life/voies-unite-massabielle" target="_blank" rel="noreferrer noopener">Lien</a></p>



<p><strong>Vendredi 12 juin 17h &#8211; Dimanche 14 juin 16h</strong><br>Découvrir la tendresse du Zen<br><a href="https://cret-berard.ch" data-type="URL" data-id="https://cret-berard.ch" target="_blank" rel="noreferrer noopener">Crêt-Bérard</a>, Suisse <a href="https://cret-berard.ch/event/la-meditation-zen-autrement/" target="_blank" rel="noreferrer noopener">Lien</a></p>



<p><strong>Samedi 20 juin 10-17h</strong><br>Journée de spiritualité et de méditation.<br>Repas partagé<br>Nozières (07270) <a href="https://jouvet.org/wordpress-3/wp-content/uploads/2020/11/MeditationNozieres-1.pdf" data-type="attachment" data-id="203" target="_blank" rel="noreferrer noopener">Lien</a></p>



<p><strong>Dimanche 12 juillet 16h</strong><br>Montfaucon en Velay, Rencontres philosophiques et spirituelles<br>Conférence en plein air, Thérèse d&rsquo;Avila</p>



<p><strong>Samedi 18 juillet, 9h-17h</strong><br>Journée de spiritualité : Conscience du corps et silence de l&rsquo;esprit<br><a href="https://cret-berard.ch" target="_blank" rel="noreferrer noopener">Crêt-Bérard</a>, Suisse <a href="https://cret-berard.ch/event/journee-de-spiritualite/" target="_blank" rel="noreferrer noopener">Lien</a><br><a href="https://cret-berard.ch/event/journee-de-spiritualite/" target="_blank" rel="noreferrer noopener">Lien</a></p>



<p><strong>Mardi 21-Samedi 25 Juillet</strong><br>Chartreuse de Pierre-Châtel (Ain)<br>Pratiques monastiques<br>Détails sur <a href="http://acielouvert.org" target="_blank" rel="noreferrer noopener">acielouvert.org</a></p>



<p><strong>Dimanche 26 juillet 10-17h</strong><br>Chartreuse de Pierre-Châtel<br>Dialogue avec Marguerite Kardos<br>Détails sur <a href="http://acielouvert.org" target="_blank" rel="noreferrer noopener">acielouvert.org</a></p>



<p><strong>Vendredi 14 -dimanche 16 août</strong><br>La prière du coeur : La simple voix du corps priant<br>Crêt-Bérard (Suisse)  <a href="https://cret-berard.ch/event/la-priere-du-coeur/" target="_blank" rel="noreferrer noopener">Lien</a></p>



<p><strong>Une journée entre le 18 et le 22 août</strong><br>Intervention dans le cadre du festival de spiritualité de <a href="http://Olam.life" target="_blank" rel="noreferrer noopener">Olam.life</a><br>Village du Lac, Devesset, Ardèche.</p>



<p><strong>Mittwoch 9. Sept. &#8211; Sonntag 13. Sept.</strong><br>Akademie Waldschlösschen (bei Göttingen)<br><a href="https://waldschloesschen.org/events/meditation-und-gregorianik/" target="_blank" rel="noreferrer noopener">Meditation und Gregorianik</a></p>



<p><strong>Samedi 19-Dimanche 20 septembre</strong><br>Les chemins de Shanti <a href="https://www.cheminsdeshanti.fr" target="_blank" rel="noreferrer noopener">Site</a><br><a href="https://jouvet.org/wordpress-3/wp-content/uploads/2026/03/2026-chemin-de-shanti.pdf" data-type="attachment" data-id="1257" target="_blank" rel="noreferrer noopener">INFOS PROVISOIRES</a></p>



<p><strong>Vendredi 25 septembre-Dimanche 27 septembre</strong><br>Monastère de la La Sainte-Beaume<br>Spiritualité et Pratiques spirituelles<br>INFOS À VENIR</p>



<p><strong>Vendredi 2 -dimanche 4 octobre</strong><br>Environs de Tours<br>Spiritualité et Pratiques spirituelles<br>INFOS À VENIR</p>



<p><strong>Vendredi 9 octobre 17h -Dimanche 11 octobre 16h</strong><br>Session à <a href="http://CRET-BERARD.CH" target="_blank" rel="noreferrer noopener">Crêt-Bérard</a> (Suisse)<br>Méditation et contemplation, la douceur du chemin contemplatif</p>



<p><strong>Freitag 16 Oktober &#8211; Sonntag 18 Oktober</strong><br>Wangenheim (Thüringen)<br><a href="http://www.meister-eckhart-weg.de/" target="_blank" rel="noreferrer noopener">http://www.meister-eckhart-weg.de</a></p>



<p><strong>Samstag 24 Oktober &#8211; Sonntag 25 Oktober, beides Mal 9-16 Uhr</strong><br>Meditation und Gregorianischen Gesang<br>INFOS KOMMEN<br>Organisator : <a href="https://www.maulbronn-umland-evangelisch.de">Ev. Kirchengemeinde Maulbronn und Umland</a></p>



<p><strong>Vendredi 30 octobre 17h &#8211; Dimanche 1er Novembre 16h</strong><br>Session à <a href="http://CRET-BERARD.CH" target="_blank" rel="noreferrer noopener">Crêt-Bérard</a> (Suisse)<br>Liturgie et chant grégorien, l&rsquo;Office des défunts</p>



<p><strong>Samedi 14 novembre</strong><br>Participation à un colloque à Bruxelles<br>Organisé par <a href="http://etreplus.be">etreplus.be</a></p>



<p><strong>Vendredi 20 novembre &#8211; Dimanche 21 novembre</strong><br>Couvent St-Marc de Gueberschwir (Alsace, France)<br>INFOS A VENIR</p>



<p><strong>Lundi 23 novembre au vendredi 27 novembre</strong><br>Abbaye St Jacut de la mer<br>Session « pratiques monastiques »<br>A venir sur le site de l&rsquo;abbaye <a href="https://www.abbaye-st-jacut.com/programmation" target="_blank" rel="noreferrer noopener">Lien</a></p>



<p><strong>Vendredi 4 décembre 17h -Dimanche 6 décembre 16h</strong><br><a href="http://cret-berard.ch" target="_blank" rel="noreferrer noopener">Crêt-Bérard</a><br>Lecture spirituelle de l&rsquo;évangile, une pratique de méditation séculaire</p>



<p><strong>Vendredi 11 décembre &#8211; Dimanche 13 décembre</strong><br>Monastère de Wavreumont (Belgique)<br>Session de méditation<br>INFOS A VENIR</p>



<h2 class="wp-block-heading">2027</h2>



<p><strong>Vendredi 8 janvier &#8211; dimanche 10 janvier</strong><br>Pratique spirituelle à l&rsquo;école de Maître Eckhart<br>Une pratique pour notre temps.<br><a href="http://CRET-BERARD.CH" target="_blank" rel="noreferrer noopener">Crêt-Bérard</a></p>



<p><strong>Vendredi 5 février &#8211; dimanche 7 février<br></strong>Pratique spirituelle à l&rsquo;école de Thérèse d&rsquo;Avila<br>Une pratique pour notre temps<br><a href="http://CRET-BERARD.CH" target="_blank" rel="noreferrer noopener">Crêt-Bérard</a></p>



<p><strong>Vendredi 9 &#8211; dimanche 11 avril</strong><br>Passer de la mort à la vie, <br>lecture spirituelle de la résurrection<br><a href="http://CRET-BERARD.CH" target="_blank" rel="noreferrer noopener">Crêt-Bérard</a></p>

<p>Vous trouverez ci-dessous les stages que je donne, leurs dates ainsi que les informations nécessaires. 2026 Vendredi 24 avril &#8211; Dimanche 26 avrilSession de spiritualité à la Soleillette (Haute Savoie)Les deux voies de la spiritualité : Mystique unitive et affectiveOrganisé par l&rsquo;église catholique de Genève.Lien Vendredi 1er mai 17h &#8211; Dimanche 3 mai 16hPratiques monastiquesCrêt-Bérard, &hellip; </p>
<p class="link-more"><a href="https://jouvet.org/wordpress-3/agenda-stages/" class="more-link">Continuer la lecture<span class="screen-reader-text"> de &laquo;&nbsp;Agenda&nbsp;&raquo;</span></a></p>
