{"id":666,"date":"2022-06-22T21:23:16","date_gmt":"2022-06-22T19:23:16","guid":{"rendered":"https:\/\/jouvet.org\/wordpress-3\/?page_id=666"},"modified":"2026-03-17T19:27:27","modified_gmt":"2026-03-17T18:27:27","slug":"emissions","status":"publish","type":"page","link":"https:\/\/jouvet.org\/wordpress-3\/emissions\/","title":{"rendered":"Emissions"},"content":{"rendered":"\n<p><br><\/p>\n\n\n\n<figure class=\"wp-block-image size-large\"><a href=\"https:\/\/www.youtube.com\/@laurentjouvet\"><img loading=\"lazy\" decoding=\"async\" width=\"1024\" height=\"194\" src=\"https:\/\/jouvet.org\/wordpress-3\/wp-content\/uploads\/2024\/06\/Bandeau-e1719396692216-1024x194.png\" alt=\"\" class=\"wp-image-960\" srcset=\"https:\/\/jouvet.org\/wordpress-3\/wp-content\/uploads\/2024\/06\/Bandeau-e1719396692216-1024x194.png 1024w, https:\/\/jouvet.org\/wordpress-3\/wp-content\/uploads\/2024\/06\/Bandeau-e1719396692216-300x57.png 300w, https:\/\/jouvet.org\/wordpress-3\/wp-content\/uploads\/2024\/06\/Bandeau-e1719396692216-768x146.png 768w, https:\/\/jouvet.org\/wordpress-3\/wp-content\/uploads\/2024\/06\/Bandeau-e1719396692216.png 1280w\" sizes=\"auto, (max-width: 706px) 89vw, (max-width: 767px) 82vw, 740px\" \/><\/a><\/figure>\n\n\n\n<p class=\"has-text-align-center\"><a href=\"http:\/\/youtube.com\/@LaurentJouvet\">Chaine Youtube : Laurent Jouvet, la spiritualit\u00e9 au quotidien<\/a><\/p>\n\n\n\n<div class=\"wp-block-media-text is-stacked-on-mobile\" style=\"grid-template-columns:20% auto\"><figure class=\"wp-block-media-text__media\"><img loading=\"lazy\" decoding=\"async\" width=\"640\" height=\"640\" src=\"https:\/\/jouvet.org\/wordpress-3\/wp-content\/uploads\/2023\/10\/640px-Radio_Takchang.jpg\" alt=\"\" class=\"wp-image-825 size-full\" srcset=\"https:\/\/jouvet.org\/wordpress-3\/wp-content\/uploads\/2023\/10\/640px-Radio_Takchang.jpg 640w, https:\/\/jouvet.org\/wordpress-3\/wp-content\/uploads\/2023\/10\/640px-Radio_Takchang-300x300.jpg 300w, https:\/\/jouvet.org\/wordpress-3\/wp-content\/uploads\/2023\/10\/640px-Radio_Takchang-150x150.jpg 150w, https:\/\/jouvet.org\/wordpress-3\/wp-content\/uploads\/2023\/10\/640px-Radio_Takchang-100x100.jpg 100w\" sizes=\"auto, (max-width: 640px) 100vw, 640px\" \/><\/figure><div class=\"wp-block-media-text__content\">\n<p><a href=\"https:\/\/www.zeteo.fr\/post\/laurent-jouvet-la-mystique-nuptiale-de-th\u00e9r\u00e8se-d-avila\" data-type=\"link\" data-id=\"https:\/\/www.zeteo.fr\/post\/laurent-jouvet-la-mystique-nuptiale-de-th\u00e9r\u00e8se-d-avila\" target=\"_blank\" rel=\"noreferrer noopener\">Emission de ZETEO sur Th\u00e9r\u00e8se d&rsquo;Avila.<\/a><\/p>\n<\/div><\/div>\n\n\n\n<div class=\"wp-block-media-text is-stacked-on-mobile\" style=\"grid-template-columns:19% auto\"><figure class=\"wp-block-media-text__media\"><img loading=\"lazy\" decoding=\"async\" width=\"640\" height=\"640\" src=\"https:\/\/jouvet.org\/wordpress-3\/wp-content\/uploads\/2023\/10\/640px-Radio_Takchang.jpg\" alt=\"\" class=\"wp-image-825 size-full\" srcset=\"https:\/\/jouvet.org\/wordpress-3\/wp-content\/uploads\/2023\/10\/640px-Radio_Takchang.jpg 640w, https:\/\/jouvet.org\/wordpress-3\/wp-content\/uploads\/2023\/10\/640px-Radio_Takchang-300x300.jpg 300w, https:\/\/jouvet.org\/wordpress-3\/wp-content\/uploads\/2023\/10\/640px-Radio_Takchang-150x150.jpg 150w, https:\/\/jouvet.org\/wordpress-3\/wp-content\/uploads\/2023\/10\/640px-Radio_Takchang-100x100.jpg 100w\" sizes=\"auto, (max-width: 640px) 100vw, 640px\" \/><\/figure><div class=\"wp-block-media-text__content\">\n<p>Excellente \u00e9mission de la RTS (Radio T\u00e9l\u00e9vision Suisse) avec Nicolas Soquet sur une stage de Laurent \u00e0 Cr\u00eat-B\u00e9rard. Le sujet \u00e9tait : \u00ab\u00a0mon silence est le silence de Dieu\u00a0\u00bb (Ma\u00eetre Eckhart).<\/p>\n\n\n\n<p><a href=\"https:\/\/www.rts.ch\/audio-podcast\/2026\/audio\/apprendre-a-faire-silence-29137046.html\">https:\/\/www.rts.ch\/audio-podcast\/2026\/audio\/apprendre-a-faire-silence-29137046.html<\/a><\/p>\n<\/div><\/div>\n\n\n\n<div class=\"wp-block-media-text is-stacked-on-mobile\" style=\"grid-template-columns:19% auto\"><figure class=\"wp-block-media-text__media\"><a href=\"https:\/\/www.youtube.com\/watch?v=0hzvI3CasFY\" target=\"_blank\" rel=\" noreferrer noopener\"><img loading=\"lazy\" decoding=\"async\" width=\"640\" height=\"696\" src=\"https:\/\/jouvet.org\/wordpress-3\/wp-content\/uploads\/2023\/10\/Video_Camera_-_The_Noun_Project.svg_.png\" alt=\"\" class=\"wp-image-831 size-full\" srcset=\"https:\/\/jouvet.org\/wordpress-3\/wp-content\/uploads\/2023\/10\/Video_Camera_-_The_Noun_Project.svg_.png 640w, https:\/\/jouvet.org\/wordpress-3\/wp-content\/uploads\/2023\/10\/Video_Camera_-_The_Noun_Project.svg_-276x300.png 276w\" sizes=\"auto, (max-width: 640px) 100vw, 640px\" \/><\/a><\/figure><div class=\"wp-block-media-text__content\">\n<p>Interview sur Ma\u00eetre Eckhart, la spiritualit\u00e9, la philosophie, la th\u00e9ologie,  par Philo-man, le philosophe Tristan Flocard (Youtube : @philo-man) (1h36)<\/p>\n<\/div><\/div>\n\n\n\n<div class=\"wp-block-media-text is-stacked-on-mobile\" style=\"grid-template-columns:18% auto\"><figure class=\"wp-block-media-text__media\"><a href=\"https:\/\/www.youtube.com\/watch?v=L7b72tx5VPY\"><img loading=\"lazy\" decoding=\"async\" width=\"640\" height=\"696\" src=\"https:\/\/jouvet.org\/wordpress-3\/wp-content\/uploads\/2023\/10\/Video_Camera_-_The_Noun_Project.svg_.png\" alt=\"\" class=\"wp-image-831 size-full\" srcset=\"https:\/\/jouvet.org\/wordpress-3\/wp-content\/uploads\/2023\/10\/Video_Camera_-_The_Noun_Project.svg_.png 640w, https:\/\/jouvet.org\/wordpress-3\/wp-content\/uploads\/2023\/10\/Video_Camera_-_The_Noun_Project.svg_-276x300.png 276w\" sizes=\"auto, (max-width: 640px) 100vw, 640px\" \/><\/a><\/figure><div class=\"wp-block-media-text__content\">\n<p>Emission sur le podcast Niptech avec Alexandre Jollien au sujet du livre \u00ab\u00a0l&rsquo;art de l&rsquo;esprit joyeux\u00a0\u00bb. Short : <a href=\"https:\/\/www.youtube.com\/@Niptech\/shorts\" target=\"_blank\" rel=\"noreferrer noopener\">https:\/\/www.youtube.com\/@Niptech\/shorts<\/a><br>TikTok : <a href=\"https:\/\/www.tiktok.com\/@niptech_podcast\" target=\"_blank\" rel=\"noreferrer noopener\">https:\/\/www.tiktok.com\/@niptech_podcast<\/a><\/p>\n<\/div><\/div>\n\n\n\n<div class=\"wp-block-media-text is-stacked-on-mobile\" style=\"grid-template-columns:22% auto\"><figure class=\"wp-block-media-text__media\"><a href=\"https:\/\/www.rcf.fr\/actualite\/les-midis-de-rcf-vaucluse-vendredi\/embed?episodeId=565173\" target=\"_blank\" rel=\" noreferrer noopener\"><img loading=\"lazy\" decoding=\"async\" width=\"640\" height=\"640\" src=\"https:\/\/jouvet.org\/wordpress-3\/wp-content\/uploads\/2023\/10\/640px-Radio_Takchang.jpg\" alt=\"\" class=\"wp-image-825 size-full\" srcset=\"https:\/\/jouvet.org\/wordpress-3\/wp-content\/uploads\/2023\/10\/640px-Radio_Takchang.jpg 640w, https:\/\/jouvet.org\/wordpress-3\/wp-content\/uploads\/2023\/10\/640px-Radio_Takchang-300x300.jpg 300w, https:\/\/jouvet.org\/wordpress-3\/wp-content\/uploads\/2023\/10\/640px-Radio_Takchang-150x150.jpg 150w, https:\/\/jouvet.org\/wordpress-3\/wp-content\/uploads\/2023\/10\/640px-Radio_Takchang-100x100.jpg 100w\" sizes=\"auto, (max-width: 640px) 100vw, 640px\" \/><\/a><\/figure><div class=\"wp-block-media-text__content\">\n<p>Emission de RCF-Vaucluse par Philippe Chauch\u00e9 sur Ma\u00eetre Eckhart (1 heure).<\/p>\n<\/div><\/div>\n\n\n\n<div class=\"wp-block-media-text is-stacked-on-mobile\" style=\"grid-template-columns:22% auto\"><figure class=\"wp-block-media-text__media\"><a href=\"https:\/\/aligrefm.org\/podcasts\/respirations-26-novembre-2024-rencontre-avec-laurent-jouvet-2758\" target=\"_blank\" rel=\" noreferrer noopener\"><img loading=\"lazy\" decoding=\"async\" width=\"640\" height=\"640\" src=\"https:\/\/jouvet.org\/wordpress-3\/wp-content\/uploads\/2023\/10\/640px-Radio_Takchang.jpg\" alt=\"\" class=\"wp-image-825 size-full\" srcset=\"https:\/\/jouvet.org\/wordpress-3\/wp-content\/uploads\/2023\/10\/640px-Radio_Takchang.jpg 640w, https:\/\/jouvet.org\/wordpress-3\/wp-content\/uploads\/2023\/10\/640px-Radio_Takchang-300x300.jpg 300w, https:\/\/jouvet.org\/wordpress-3\/wp-content\/uploads\/2023\/10\/640px-Radio_Takchang-150x150.jpg 150w, https:\/\/jouvet.org\/wordpress-3\/wp-content\/uploads\/2023\/10\/640px-Radio_Takchang-100x100.jpg 100w\" sizes=\"auto, (max-width: 640px) 100vw, 640px\" \/><\/a><\/figure><div class=\"wp-block-media-text__content\">\n<p>Emission sur radio Aligre, anim\u00e9e par Louise Vertigo sur la pr\u00e9sentation du livre avec Alexandre Jollien, \u00ab\u00a0l&rsquo;art de l&rsquo;esprit joyeux\u00a0\u00bb,  26 novembre 2024<\/p>\n<\/div><\/div>\n\n\n\n<div class=\"wp-block-media-text is-stacked-on-mobile\" style=\"grid-template-columns:20% auto\"><figure class=\"wp-block-media-text__media\"><a href=\"https:\/\/youtu.be\/bcH4H3M4BC8\" target=\"_blank\" rel=\"noreferrer noopener\"><img loading=\"lazy\" decoding=\"async\" width=\"640\" height=\"696\" src=\"https:\/\/jouvet.org\/wordpress-3\/wp-content\/uploads\/2023\/10\/Video_Camera_-_The_Noun_Project.svg_.png\" alt=\"\" class=\"wp-image-831 size-full\" srcset=\"https:\/\/jouvet.org\/wordpress-3\/wp-content\/uploads\/2023\/10\/Video_Camera_-_The_Noun_Project.svg_.png 640w, https:\/\/jouvet.org\/wordpress-3\/wp-content\/uploads\/2023\/10\/Video_Camera_-_The_Noun_Project.svg_-276x300.png 276w\" sizes=\"auto, (max-width: 640px) 100vw, 640px\" \/><\/a><\/figure><div class=\"wp-block-media-text__content\">\n<p>Pr\u00e9sentation du livre \u00ab\u00a0l&rsquo;art de l&rsquo;esprit joyeux\u00a0\u00bb avec Alexandre Jollien \u00e0 la \u00ab\u00a0maison de la m\u00e9ditation\u00a0\u00bb \u00e0 Paris. Mod\u00e9ration : Jos\u00e9 Le Roy. 13 octobre 2024.<\/p>\n<\/div><\/div>\n\n\n\n<div class=\"wp-block-media-text is-stacked-on-mobile\" style=\"grid-template-columns:20% auto\"><figure class=\"wp-block-media-text__media\"><a href=\"https:\/\/vimeo.com\/951820789\/ea1673b906?share=copy\" target=\"_blank\" rel=\"noreferrer noopener\"><img loading=\"lazy\" decoding=\"async\" width=\"640\" height=\"615\" src=\"https:\/\/jouvet.org\/wordpress-3\/wp-content\/uploads\/2023\/10\/Noun-television.png\" alt=\"\" class=\"wp-image-832 size-full\" srcset=\"https:\/\/jouvet.org\/wordpress-3\/wp-content\/uploads\/2023\/10\/Noun-television.png 640w, https:\/\/jouvet.org\/wordpress-3\/wp-content\/uploads\/2023\/10\/Noun-television-300x288.png 300w\" sizes=\"auto, (max-width: 640px) 100vw, 640px\" \/><\/a><\/figure><div class=\"wp-block-media-text__content\">\n<p>Conf\u00e9rence sur ma\u00eetre Eckhart avec Solars Centre (Costa-Rica) avec Fabrice Bl\u00e9e.<\/p>\n<\/div><\/div>\n\n\n\n<div class=\"wp-block-media-text is-stacked-on-mobile\" style=\"grid-template-columns:19% auto\"><figure class=\"wp-block-media-text__media\"><a href=\"https:\/\/mediaserver.unige.ch\/play\/218296\" target=\"_blank\" rel=\"noreferrer noopener\"><img loading=\"lazy\" decoding=\"async\" width=\"640\" height=\"640\" src=\"https:\/\/jouvet.org\/wordpress-3\/wp-content\/uploads\/2023\/10\/640px-Radio_Takchang.jpg\" alt=\"\" class=\"wp-image-825 size-full\" srcset=\"https:\/\/jouvet.org\/wordpress-3\/wp-content\/uploads\/2023\/10\/640px-Radio_Takchang.jpg 640w, https:\/\/jouvet.org\/wordpress-3\/wp-content\/uploads\/2023\/10\/640px-Radio_Takchang-300x300.jpg 300w, https:\/\/jouvet.org\/wordpress-3\/wp-content\/uploads\/2023\/10\/640px-Radio_Takchang-150x150.jpg 150w, https:\/\/jouvet.org\/wordpress-3\/wp-content\/uploads\/2023\/10\/640px-Radio_Takchang-100x100.jpg 100w\" sizes=\"auto, (max-width: 640px) 100vw, 640px\" \/><\/a><\/figure><div class=\"wp-block-media-text__content\">\n<p>Conf\u00e9rence en ligne pour l&rsquo;universit\u00e9 de Gen\u00e8ve, facult\u00e9 de th\u00e9ologie, 10 avril 2024. Spiritualit\u00e9, ma\u00eetre Eckhart, musique, m\u00e9ditation. Audio<\/p>\n<\/div><\/div>\n\n\n\n<figure class=\"wp-block-embed is-type-video is-provider-youtube wp-block-embed-youtube wp-embed-aspect-16-9 wp-has-aspect-ratio\"><div class=\"wp-block-embed__wrapper\">\n<iframe loading=\"lazy\" title=\"Mystique chre\u0301tienne, Maitre Eckhart, Yogasutra et autres spiritualit\u00e9s -Interview Laurent Jouvet\" width=\"525\" height=\"295\" src=\"https:\/\/www.youtube.com\/embed\/yraNRsOnFl4?feature=oembed\" frameborder=\"0\" allow=\"accelerometer; autoplay; clipboard-write; encrypted-media; gyroscope; picture-in-picture; web-share\" referrerpolicy=\"strict-origin-when-cross-origin\" allowfullscreen><\/iframe>\n<\/div><figcaption class=\"wp-element-caption\">Interview avec Ludovic Fontaine pour sa cha\u00eene Youtube \u00ab\u00a0Nevermind\u00a0\u00bb. Th\u00e8me, la spiritualit\u00e9, ma\u00eetre Eckhart, le Yogas\u00fbtra. <\/figcaption><\/figure>\n\n\n\n<figure class=\"wp-block-embed is-type-video is-provider-youtube wp-block-embed-youtube wp-embed-aspect-16-9 wp-has-aspect-ratio\"><div class=\"wp-block-embed__wrapper\">\n<iframe loading=\"lazy\" title=\"Maitre Eckhart traduit par Laurent Jouvet\" width=\"525\" height=\"295\" src=\"https:\/\/www.youtube.com\/embed\/qv_CDsT0Vn0?feature=oembed\" frameborder=\"0\" allow=\"accelerometer; autoplay; clipboard-write; encrypted-media; gyroscope; picture-in-picture; web-share\" referrerpolicy=\"strict-origin-when-cross-origin\" allowfullscreen><\/iframe>\n<\/div><figcaption class=\"wp-element-caption\">Pr\u00e9sentation des \u00ab\u00a0180 sermons de ma\u00eetre Eckhart\u00a0\u00bb \u00e0 la librairie Almora le 15 juin 2022<\/figcaption><\/figure>\n\n\n\n<div class=\"wp-block-media-text is-stacked-on-mobile\" style=\"grid-template-columns:17% auto\"><figure class=\"wp-block-media-text__media\"><a href=\"https:\/\/www.zeteo.fr\/post\/laurent-jouvet-vivre-l-exp\u00e9rience-du-divin-avec-ma\u00eetre-eckhart\"><img loading=\"lazy\" decoding=\"async\" width=\"640\" height=\"640\" src=\"https:\/\/jouvet.org\/wordpress-3\/wp-content\/uploads\/2023\/10\/640px-Radio_Takchang.jpg\" alt=\"\" class=\"wp-image-825 size-full\" srcset=\"https:\/\/jouvet.org\/wordpress-3\/wp-content\/uploads\/2023\/10\/640px-Radio_Takchang.jpg 640w, https:\/\/jouvet.org\/wordpress-3\/wp-content\/uploads\/2023\/10\/640px-Radio_Takchang-300x300.jpg 300w, https:\/\/jouvet.org\/wordpress-3\/wp-content\/uploads\/2023\/10\/640px-Radio_Takchang-150x150.jpg 150w, https:\/\/jouvet.org\/wordpress-3\/wp-content\/uploads\/2023\/10\/640px-Radio_Takchang-100x100.jpg 100w\" sizes=\"auto, (max-width: 640px) 100vw, 640px\" \/><\/a><\/figure><div class=\"wp-block-media-text__content\">\n<p>Interview avec Guillaume Devoud sur le podcast ZETEO, 4 f\u00e9vrier 2023.<\/p>\n<\/div><\/div>\n\n\n\n<div class=\"wp-block-media-text is-stacked-on-mobile\" style=\"grid-template-columns:17% auto\"><figure class=\"wp-block-media-text__media\"><a href=\"https:\/\/shows.acast.com\/niptech\/episodes\/explore-laurent-jouvet\" target=\"_blank\" rel=\"noreferrer noopener\"><img loading=\"lazy\" decoding=\"async\" width=\"640\" height=\"640\" src=\"https:\/\/jouvet.org\/wordpress-3\/wp-content\/uploads\/2023\/10\/640px-Radio_Takchang.jpg\" alt=\"\" class=\"wp-image-825 size-full\" srcset=\"https:\/\/jouvet.org\/wordpress-3\/wp-content\/uploads\/2023\/10\/640px-Radio_Takchang.jpg 640w, https:\/\/jouvet.org\/wordpress-3\/wp-content\/uploads\/2023\/10\/640px-Radio_Takchang-300x300.jpg 300w, https:\/\/jouvet.org\/wordpress-3\/wp-content\/uploads\/2023\/10\/640px-Radio_Takchang-150x150.jpg 150w, https:\/\/jouvet.org\/wordpress-3\/wp-content\/uploads\/2023\/10\/640px-Radio_Takchang-100x100.jpg 100w\" sizes=\"auto, (max-width: 640px) 100vw, 640px\" \/><\/a><\/figure><div class=\"wp-block-media-text__content\">\n<p>Interview avec Michael Monney, sur son Podcast \u00ab\u00a0<a href=\"https:\/\/shows.acast.com\/niptech\/episodes\/explore-laurent-jouvet\">Niptech Explore<\/a>\u00a0\u00bb au sujet de la spiritualit\u00e9 et sur mon parcours. 10 janvier 2024.<\/p>\n<\/div><\/div>\n\n\n\n<div class=\"wp-block-media-text is-stacked-on-mobile\" style=\"grid-template-columns:16% auto\"><figure class=\"wp-block-media-text__media\"><a href=\"https:\/\/jouvet.org\/wordpress-3\/wp-content\/uploads\/2023\/12\/InterviewLaurentJouvet.mp4\" target=\"_blank\" rel=\"noreferrer noopener\"><img loading=\"lazy\" decoding=\"async\" width=\"640\" height=\"696\" src=\"https:\/\/jouvet.org\/wordpress-3\/wp-content\/uploads\/2023\/10\/Video_Camera_-_The_Noun_Project.svg_.png\" alt=\"\" class=\"wp-image-831 size-full\" srcset=\"https:\/\/jouvet.org\/wordpress-3\/wp-content\/uploads\/2023\/10\/Video_Camera_-_The_Noun_Project.svg_.png 640w, https:\/\/jouvet.org\/wordpress-3\/wp-content\/uploads\/2023\/10\/Video_Camera_-_The_Noun_Project.svg_-276x300.png 276w\" sizes=\"auto, (max-width: 640px) 100vw, 640px\" \/><\/a><\/figure><div class=\"wp-block-media-text__content\">\n<p>Courte interview pour pr\u00e9senter le stage en Belgique (3-4 f\u00e9vrier 2024, voir agenda) sur ma\u00eetre Eckhart et la pratique de la non-dualit\u00e9.<\/p>\n<\/div><\/div>\n\n\n\n<div class=\"wp-block-media-text is-stacked-on-mobile\" style=\"grid-template-columns:16% auto\"><figure class=\"wp-block-media-text__media\"><a href=\"https:\/\/www.abbaye-st-jacut.com\/mediatheque\/conference-laurentbouvet\" target=\"_blank\" rel=\"noreferrer noopener\"><img loading=\"lazy\" decoding=\"async\" width=\"640\" height=\"696\" src=\"https:\/\/jouvet.org\/wordpress-3\/wp-content\/uploads\/2023\/10\/Video_Camera_-_The_Noun_Project.svg_.png\" alt=\"\" class=\"wp-image-831 size-full\" srcset=\"https:\/\/jouvet.org\/wordpress-3\/wp-content\/uploads\/2023\/10\/Video_Camera_-_The_Noun_Project.svg_.png 640w, https:\/\/jouvet.org\/wordpress-3\/wp-content\/uploads\/2023\/10\/Video_Camera_-_The_Noun_Project.svg_-276x300.png 276w\" sizes=\"auto, (max-width: 640px) 100vw, 640px\" \/><\/a><\/figure><div class=\"wp-block-media-text__content\">\n<p>Conf\u00e9rence sur la mystique, Abbaye de St-Jacut-de-la-Mer, Bretagne, 18 novembre 2023.<\/p>\n<\/div><\/div>\n\n\n\n<div class=\"wp-block-media-text is-stacked-on-mobile\" style=\"grid-template-columns:16% auto\"><figure class=\"wp-block-media-text__media\"><a href=\"https:\/\/www.rcf.fr\/vie-spirituelle\/mosaique-0\/embed?episodeId=414373\" target=\"_blank\" rel=\"noreferrer noopener\"><img loading=\"lazy\" decoding=\"async\" width=\"640\" height=\"640\" src=\"https:\/\/jouvet.org\/wordpress-3\/wp-content\/uploads\/2023\/10\/640px-Radio_Takchang.jpg\" alt=\"\" class=\"wp-image-825 size-full\" srcset=\"https:\/\/jouvet.org\/wordpress-3\/wp-content\/uploads\/2023\/10\/640px-Radio_Takchang.jpg 640w, https:\/\/jouvet.org\/wordpress-3\/wp-content\/uploads\/2023\/10\/640px-Radio_Takchang-300x300.jpg 300w, https:\/\/jouvet.org\/wordpress-3\/wp-content\/uploads\/2023\/10\/640px-Radio_Takchang-150x150.jpg 150w, https:\/\/jouvet.org\/wordpress-3\/wp-content\/uploads\/2023\/10\/640px-Radio_Takchang-100x100.jpg 100w\" sizes=\"auto, (max-width: 640px) 100vw, 640px\" \/><\/a><\/figure><div class=\"wp-block-media-text__content\">\n<p>Emission de radio sur RCF : S\u00e9rie mosa\u00efque. Sur la spiritualit\u00e9. 23 octobre 2023<\/p>\n<\/div><\/div>\n\n\n\n<div class=\"wp-block-media-text is-stacked-on-mobile\" style=\"grid-template-columns:15% auto\"><figure class=\"wp-block-media-text__media\"><a href=\"https:\/\/www.baglis.tv\/intervenants\/4266-laurent-jouvet.html\" target=\"_blank\" rel=\"noreferrer noopener\"><img loading=\"lazy\" decoding=\"async\" width=\"640\" height=\"615\" src=\"https:\/\/jouvet.org\/wordpress-3\/wp-content\/uploads\/2023\/10\/Noun-television.png\" alt=\"\" class=\"wp-image-832 size-full\" srcset=\"https:\/\/jouvet.org\/wordpress-3\/wp-content\/uploads\/2023\/10\/Noun-television.png 640w, https:\/\/jouvet.org\/wordpress-3\/wp-content\/uploads\/2023\/10\/Noun-television-300x288.png 300w\" sizes=\"auto, (max-width: 640px) 100vw, 640px\" \/><\/a><\/figure><div class=\"wp-block-media-text__content\">\n<p>Deux \u00e9missions d&rsquo;une heure sur Baglis.tv (payant)<\/p>\n<\/div><\/div>\n\n\n\n<div class=\"wp-block-media-text is-stacked-on-mobile\" style=\"grid-template-columns:15% auto\"><figure class=\"wp-block-media-text__media\"><a href=\"https:\/\/youtu.be\/qv_CDsT0Vn0\" target=\"_blank\" rel=\"noreferrer noopener\"><img loading=\"lazy\" decoding=\"async\" width=\"640\" height=\"696\" src=\"https:\/\/jouvet.org\/wordpress-3\/wp-content\/uploads\/2023\/10\/Video_Camera_-_The_Noun_Project.svg_.png\" alt=\"\" class=\"wp-image-831 size-full\" srcset=\"https:\/\/jouvet.org\/wordpress-3\/wp-content\/uploads\/2023\/10\/Video_Camera_-_The_Noun_Project.svg_.png 640w, https:\/\/jouvet.org\/wordpress-3\/wp-content\/uploads\/2023\/10\/Video_Camera_-_The_Noun_Project.svg_-276x300.png 276w\" sizes=\"auto, (max-width: 640px) 100vw, 640px\" \/><\/a><\/figure><div class=\"wp-block-media-text__content\">\n<p>Pr\u00e9sentation des 180 sermons de Ma\u00eetre Eckha\/rt \u00e0 la librairie Almora, Paris, le 15 juin 2022.<\/p>\n<\/div><\/div>\n\n\n\n<div class=\"wp-block-media-text is-stacked-on-mobile\" style=\"grid-template-columns:15% auto\"><figure class=\"wp-block-media-text__media\"><a href=\"https:\/\/rcf.fr\/culture-et-societe\/lentretien-de-la-semaine?episode=265920\" target=\"_blank\" rel=\"noreferrer noopener\"><img loading=\"lazy\" decoding=\"async\" width=\"640\" height=\"640\" src=\"https:\/\/jouvet.org\/wordpress-3\/wp-content\/uploads\/2023\/10\/640px-Radio_Takchang.jpg\" alt=\"\" class=\"wp-image-825 size-full\" srcset=\"https:\/\/jouvet.org\/wordpress-3\/wp-content\/uploads\/2023\/10\/640px-Radio_Takchang.jpg 640w, https:\/\/jouvet.org\/wordpress-3\/wp-content\/uploads\/2023\/10\/640px-Radio_Takchang-300x300.jpg 300w, https:\/\/jouvet.org\/wordpress-3\/wp-content\/uploads\/2023\/10\/640px-Radio_Takchang-150x150.jpg 150w, https:\/\/jouvet.org\/wordpress-3\/wp-content\/uploads\/2023\/10\/640px-Radio_Takchang-100x100.jpg 100w\" sizes=\"auto, (max-width: 640px) 100vw, 640px\" \/><\/a><\/figure><div class=\"wp-block-media-text__content\">\n<p>Pr\u00e9sentation des 180 sermons de Ma\u00eetre Eckhart sur radio RCF, diffus\u00e9 le 2 juillet 2022<\/p>\n<\/div><\/div>\n\n\n\n<div class=\"wp-block-media-text is-stacked-on-mobile\" style=\"grid-template-columns:16% auto\"><figure class=\"wp-block-media-text__media\"><a href=\"https:\/\/youtu.be\/uPSnPqX5-ME\" target=\"_blank\" rel=\"noreferrer noopener\"><img loading=\"lazy\" decoding=\"async\" width=\"640\" height=\"696\" src=\"https:\/\/jouvet.org\/wordpress-3\/wp-content\/uploads\/2023\/10\/Video_Camera_-_The_Noun_Project.svg_.png\" alt=\"\" class=\"wp-image-831 size-full\" srcset=\"https:\/\/jouvet.org\/wordpress-3\/wp-content\/uploads\/2023\/10\/Video_Camera_-_The_Noun_Project.svg_.png 640w, https:\/\/jouvet.org\/wordpress-3\/wp-content\/uploads\/2023\/10\/Video_Camera_-_The_Noun_Project.svg_-276x300.png 276w\" sizes=\"auto, (max-width: 640px) 100vw, 640px\" \/><\/a><\/figure><div class=\"wp-block-media-text__content\">\n<p>Pr\u00e9sentation des 180 sermons de Ma\u00eetre Eckhart sur la cha\u00eene OLAM (Observer l&rsquo;\u00e2me du monde) le 2 juin 2022 (\u00e0 partir de la minute 35)<\/p>\n<\/div><\/div>\n\n\n\n<div class=\"wp-block-media-text is-stacked-on-mobile\" style=\"grid-template-columns:16% auto\"><figure class=\"wp-block-media-text__media\"><a href=\"https:\/\/jouvet.org\/wordpress-3\/wp-content\/uploads\/2022\/08\/Sermon7Jeauty2.mp4\" target=\"_blank\" rel=\"noreferrer noopener\"><img loading=\"lazy\" decoding=\"async\" width=\"640\" height=\"696\" src=\"https:\/\/jouvet.org\/wordpress-3\/wp-content\/uploads\/2023\/10\/Video_Camera_-_The_Noun_Project.svg_.png\" alt=\"\" class=\"wp-image-831 size-full\" srcset=\"https:\/\/jouvet.org\/wordpress-3\/wp-content\/uploads\/2023\/10\/Video_Camera_-_The_Noun_Project.svg_.png 640w, https:\/\/jouvet.org\/wordpress-3\/wp-content\/uploads\/2023\/10\/Video_Camera_-_The_Noun_Project.svg_-276x300.png 276w\" sizes=\"auto, (max-width: 640px) 100vw, 640px\" \/><\/a><\/figure><div class=\"wp-block-media-text__content\">\n<p>Pr\u00e9sentation du sermon 7 de ma\u00eetre Eckhart au centre de Yoga \u00ab\u00a0Jeauty\u00a0\u00bb de D\u00e9saignes (Ard\u00e8che) le 23 ao\u00fbt 2022<\/p>\n<\/div><\/div>\n","protected":false},"excerpt":{"rendered":"<p>Chaine Youtube : Laurent Jouvet, la spiritualit\u00e9 au quotidien Emission de ZETEO sur Th\u00e9r\u00e8se d&rsquo;Avila. Excellente \u00e9mission de la RTS (Radio T\u00e9l\u00e9vision Suisse) avec Nicolas Soquet sur une stage de Laurent \u00e0 Cr\u00eat-B\u00e9rard. Le sujet \u00e9tait : \u00ab\u00a0mon silence est le silence de Dieu\u00a0\u00bb (Ma\u00eetre Eckhart). https:\/\/www.rts.ch\/audio-podcast\/2026\/audio\/apprendre-a-faire-silence-29137046.html Interview sur Ma\u00eetre Eckhart, la spiritualit\u00e9, la philosophie, &hellip; <\/p>\n<p class=\"link-more\"><a href=\"https:\/\/jouvet.org\/wordpress-3\/emissions\/\" class=\"more-link\">Continuer la lecture<span class=\"screen-reader-text\"> de &laquo;&nbsp;Emissions&nbsp;&raquo;<\/span><\/a><\/p>\n","protected":false},"author":1,"featured_media":0,"parent":0,"menu_order":0,"comment_status":"closed","ping_status":"closed","template":"","meta":{"footnotes":""},"class_list":["post-666","page","type-page","status-publish","hentry"],"_links":{"self":[{"href":"https:\/\/jouvet.org\/wordpress-3\/wp-json\/wp\/v2\/pages\/666","targetHints":{"allow":["GET"]}}],"collection":[{"href":"https:\/\/jouvet.org\/wordpress-3\/wp-json\/wp\/v2\/pages"}],"about":[{"href":"https:\/\/jouvet.org\/wordpress-3\/wp-json\/wp\/v2\/types\/page"}],"author":[{"embeddable":true,"href":"https:\/\/jouvet.org\/wordpress-3\/wp-json\/wp\/v2\/users\/1"}],"replies":[{"embeddable":true,"href":"https:\/\/jouvet.org\/wordpress-3\/wp-json\/wp\/v2\/comments?post=666"}],"version-history":[{"count":51,"href":"https:\/\/jouvet.org\/wordpress-3\/wp-json\/wp\/v2\/pages\/666\/revisions"}],"predecessor-version":[{"id":1276,"href":"https:\/\/jouvet.org\/wordpress-3\/wp-json\/wp\/v2\/pages\/666\/revisions\/1276"}],"wp:attachment":[{"href":"https:\/\/jouvet.org\/wordpress-3\/wp-json\/wp\/v2\/media?parent=666"}],"curies":[{"name":"wp","href":"https:\/\/api.w.org\/{rel}","templated":true}]}}